 + 34 = q. Suppose 49 = i + s. What is the greatest common factor of i and 28?
14
Suppose 63*j - 32463 - 20565 = 54*j. Calculate the greatest common factor of 24 and j.
12
Let p(c) = -10*c + 7. Let y be p(-4). Let x = y - 41. Suppose -x - 94 = -s. Calculate the highest common divisor of 20 and s.
20
Let r(c) = c**3 - 64*c**2 + 7*c - 16. Let s be r(64). What is the greatest common factor of 72 and s?
72
Let j(r) = 7*r - 101. Let v be j(14). Let q be (63/(-18))/(v/18). What is the greatest common divisor of 168 and q?
21
Let w be 6/63 + 29/((-5481)/(-33246)). Suppose -19 - 13 = -2*m. Calculate the greatest common divisor of m and w.
16
Let r be (-2)/12 + (-5)/(-30). Let t be (-13)/13 + 3 + r. Let a be (t/(-3))/((-2)/36). Calculate the highest common divisor of 12 and a.
12
Let u(i) = -i**2 - 95*i - 1212. Let h be u(-16). Suppose -t + 4*n + 204 = 0, 0 = 5*t + 5*n + 83 - 1128. Calculate the highest common factor of t and h.
52
Let o(v) = v**2 - 13*v + 47. Let q be o(7). Let p(f) = 73*f - 13. Let b be p(q). What is the greatest common divisor of 44 and b?
44
Let x be ((-5984)/170)/(2/25). Let u = x + 521. What is the greatest common factor of 3 and u?
3
Suppose 40*y - 42*y = -24. Let t(p) = 2*p**2 + 14*p - 42. Let f be t(-16). What is the greatest common factor of y and f?
6
Let t = 3431 + -3278. Calculate the greatest common divisor of 136 and t.
17
Suppose -5*z = 90*j - 94*j + 7968, j - 1992 = z. What is the greatest common divisor of j and 96?
24
Suppose 2*m - 359 - 83 = 2*j, 4*m + 5*j - 884 = 0. Calculate the highest common factor of 26 and m.
13
Let h be ((-1694)/(-21))/((-68)/18 + 4). Let n = -297 + h. What is the highest common divisor of n and 99?
33
Let o be 6 - 147/28 - 3/4. Suppose -16*w + 0*w + 48 = o. What is the highest common divisor of w and 33?
3
Suppose -27*d + 20019 = 4764. Let w = d + -390. What is the greatest common divisor of w and 150?
25
Let m(g) = g**2 - 24*g - 85. Let q = -148 + 176. Let w be m(q). What is the greatest common divisor of w and 297?
27
Suppose 3*z - 312 = 5*k - 108, 4*k - 240 = -4*z. Let x be 7956/14 - 576/448. What is the highest common factor of x and z?
63
Suppose 66*g - 62*g - 74 = -3*z, -5*g = -4*z + 47. Calculate the highest common factor of 336 and z.
6
Let w = -280 - 73. Let j = 394 + w. What is the greatest common divisor of j and 697?
41
Let y(r) = r**2 + 24*r - 17. Let o be y(-25). Suppose -33 - 15 = -o*n. What is the greatest common divisor of 4 and n?
2
Let i be 470/(-4)*(-11 - (-549)/45). Let s = 165 + i. Let z(m) = -3*m. Let p be z(-1). What is the greatest common factor of s and p?
3
Let o be 1 + 11 + 4 + 1049. Calculate the greatest common divisor of o and 75.
15
Let d be (-118)/(-5) + (-4)/(-10). Suppose 42*y - 43*y + 312 = 0. What is the highest common divisor of y and d?
24
Let h = 7 - 5. Let z be 57/7 - 10/70. Calculate the highest common divisor of h and z.
2
Let h(g) = -g**2 + 4*g + 17. Let y be h(0). Suppose 219 = y*j - 3521. What is the highest common divisor of j and 20?
20
Let q(p) = -76*p - 84. Let s be q(-4). Suppose 88 = 82*y - 80*y. Calculate the greatest common divisor of s and y.
44
Suppose -1750 = 97*t - 107*t. Let c(o) = 5*o + 7. Let b be c(0). What is the greatest common factor of t and b?
7
Let k(z) = 2*z**2 + 3*z + 3. Suppose 11*g = 4*g + 91. Suppose 12*p = g*p + 3. Let c be k(p). Calculate the greatest common divisor of 48 and c.
12
Suppose -6*s + 463 + 77 = 0. Suppose 12*q - 11*q = s. Calculate the greatest common divisor of 72 and q.
18
Let y be 1*3/((-15)/(-2585)). Let m = 6334 - 6323. What is the greatest common divisor of m and y?
11
Let d(p) = p**3 - 19*p**2 - 20*p + 3. Let s be d(18). Let w = 686 + s. What is the highest common factor of 45 and w?
5
Suppose -3*k + 6*k - f - 4 = 0, -8 = -4*f. Suppose k*h - 310 = -3*h. Let a = 588759 + -588604. What is the greatest common factor of h and a?
31
Let b(o) = 2*o**3 - 16*o**2 - 3*o + 27. Let p be b(11). Let j be (-30)/(-6)*3/5. Suppose j*c - 7*c = -p. Calculate the highest common divisor of c and 20.
20
Let c(l) = 10*l - 2*l - 4*l - 19 + 14*l. Let g be c(4). Suppose 2*y - 23 = g. What is the greatest common divisor of 57 and y?
19
Let k be -1 + (-30)/(-26) - 204/(-26). Let g be 2/k + (-55984)/(-64). Suppose 3*t = -4*t + g. What is the greatest common factor of 50 and t?
25
Suppose 116 = 11961*g - 11957*g - 4*u, 3*g - 75 = u. Let z = 111 + -42. Calculate the highest common divisor of z and g.
23
Let g be (-1722)/(-9) + (-4)/(-6). Suppose 12*r - 4 = o + 10*r, 0 = -2*o - 2*r + 40. What is the greatest common divisor of g and o?
12
Let f = -876 - -1302. Let m = 759 - f. Calculate the highest common factor of 9 and m.
9
Let m = -950 - -1054. Suppose -49*y - 385 = -m*y. Suppose 0 = -3*n - 5*h + 404, -128 = -n + 5*h - 0*h. What is the highest common divisor of n and y?
7
Let l(i) = i**3 - 4*i**2 + 6*i + 12. Let x be l(6). Let d be (-4 - 4/2)*(-23 + -1). Calculate the greatest common factor of x and d.
24
Suppose 10*b = 55 + 2085. Let u be (0 - -3) + b + -18 + 5. What is the greatest common divisor of u and 102?
102
Let g = -5866 + 6118. What is the greatest common factor of g and 448?
28
Let o(k) = k**3 + 25*k**2 - 11*k + 12. Let i be o(-8). Calculate the highest common factor of 324 and i.
108
Suppose 0 = y - 12*r + 16*r - 7, 4*r = 3*y - 5. Suppose 15*h + y*h - 234 = 0. Calculate the highest common factor of 468 and h.
13
Let l = 18235 + -4932. Calculate the highest common factor of 53 and l.
53
Let f(o) = o**3 + 9*o**2 + 9*o - 11. Suppose 0 = j - 13 + 20. Let a be f(j). Calculate the greatest common factor of 32 and a.
8
Let h(b) = -b**2 - 20*b + 1692. Let c be h(30). What is the highest common divisor of 4296 and c?
24
Let q(v) = -v**2 + 9*v + 22. Let a(k) = k + 6. Let p be a(4). Let x be q(p). Calculate the greatest common factor of x and 30.
6
Let t be -3 + 3 + -11 + 1961. What is the greatest common factor of t and 117?
39
Let t = -3605 - -3905. Calculate the highest common factor of t and 325.
25
Suppose 0 = -78*f + 76*f + 6. Let q(k) = k**3 + 8*k**2 - 2*k - 2. Let v be q(-6). Suppose 4*w - v = 14. What is the greatest common factor of f and w?
3
Suppose -1122 - 964 = -8*r + 314. What is the highest common divisor of r and 19350?
150
Let a = 15024 - 15012. Calculate the highest common factor of 20220 and a.
12
Let o be -4 - (-9)/2*(-172)/(-129). What is the highest common factor of 54 and o?
2
Let i = -7 + 9. Suppose -i*d + 10 = 0, -3*x - 2*x - 5*d = 225. Let f = 60 + x. What is the greatest common divisor of f and 130?
10
Let p be ((-68)/(-28) - 3) + 117/21. Suppose p*j + 85 = 10*j. What is the highest common divisor of j and 136?
17
Let c(z) = -z**3 - z**2 - 58. Let v be c(0). Let r = 42 + v. Let w be r/(-12) - 4/(-6) - -3. What is the highest common factor of 2 and w?
1
Suppose -5*k = 18*k - 1794. What is the greatest common factor of k and 91?
13
Suppose -v + u + 33 = 0, u = 5*v - 196 + 27. Let j = -20 + v. Calculate the greatest common factor of 14 and j.
14
Suppose -v + 3*v - 4*h + 14 = 0, 5*h = -4*v + 37. Let j(f) = -5 - 8 - f + v*f - 3. Let r be j(14). Calculate the greatest common factor of r and 12.
12
Let c = 49 - 46. Suppose 4*u = 5*t - 268, -4*t + c*u - 2*u + 210 = 0. Suppose 4*w = 7*w - 39. Calculate the highest common divisor of t and w.
13
Let y(k) = 105*k**2 + 6*k - 47. Let n be y(-21). Suppose -11*q - 36874 = n. Let z be q/(-70) - 1/(-5). What is the greatest common divisor of 12 and z?
12
Let f be (-1 - (-16)/12)*-12. Let z be 12/(-15)*90/f. Let i be (18 + 6)*3/2. What is the highest common divisor of z and i?
18
Suppose 5744 + 1704 = 133*s. What is the highest common divisor of 10864 and s?
56
Let p = -215 + 247. What is the highest common divisor of p and 36?
4
Let l(v) = -495*v + 26. Let m be l(0). Let k(a) = 209*a - 1. Let f be k(1). Calculate the greatest common factor of f and m.
26
Let m(v) = v**3 - 7*v**2 + 9*v - 100. Let q be m(8). What is the highest common factor of q and 30?
6
Suppose 0 = -79*d + 1686 + 990 - 622. What is the highest common factor of 5707 and d?
13
Suppose -15*j = -207 - 138. Suppose 47*x - 432 = j*x. What is the highest common factor of 288 and x?
18
Suppose -25*b + 24*b = -169. Let u(q) = -20*q. Let g be u(-2). Let z = b + g. What is the highest common factor of z 